he remainder when j is divided by g(-5)?
15
Suppose -16 = -0*g + 2*g. Let q = -7 - g. Calculate the remainder when 2 is divided by q.
0
Calculate the remainder when 13 is divided by (-28)/21*(2 + -8).
5
Let y = 19 - 1. Suppose 46 = 5*w - v, -12 = -2*w + 4*v - 2*v. Calculate the remainder when y is divided by w.
8
Suppose -2*r + 6*r + 3*w - 125 = 0, -r = 2*w - 30. Suppose -k = -p - 14, 80 + 2 = 5*k - p. Calculate the remainder when r is divided by k.
15
Suppose 4 + 8 = 3*f. Suppose 0 = -4*s - 20, 5*g = -s - f + 49. Calculate the remainder when 27 is divided by g.
7
Let m = -124 + 161. What is the remainder when m is divided by 19?
18
Suppose 2*x + 29 = 5*u + 78, 20 = -4*u. Calculate the remainder when 44 is divided by x.
8
Let r = 2 - 1. Let d be (2 - 1)*(r + 0). Calculate the remainder when 40 is divided by 42/(-15)*-5*d.
12
Let b = 7 - 3. Let y(i) = i**2 - 6*i - 4 + 4 - b. What is the remainder when 5 is divided by y(7)?
2
Calculate the remainder when (0 - (-270)/24)/((-3)/(-24)) is divided by (-153)/(-5) + (-4)/(-10).
28
Suppose -p - 51 = -v - 6*p, 2*v = -p + 84. Calculate the remainder when v is divided by 14.
13
Calculate the remainder when 45 is divided by (3/(-15)*-2)/((-4)/(-160)).
13
Suppose 186 = 4*x - 3*x. Suppose 0 = 3*q - 3*g - x, 0*q = -q - 2*g + 50. Calculate the remainder when q is divided by 20.
18
Let y(p) = p + 6. Let k be y(-5). Calculate the remainder when 35 is divided by (k - -1)/1 + 10.
11
Suppose 0 = -m - m - 46. Let q be -3*(-1 - -2) + 37. Let a = q + m. What is the remainder when 21 is divided by a?
10
Suppose -101 = -2*t - 11. Suppose -2*j + 2 = 0, -5*b - 2*j + 5*j = -77. What is the remainder when t is divided by b?
13
What is the remainder when 4/18 + 2937/27 is divided by (-29)/(-1) + (-6 - -5)/1?
25
Suppose 4*x - 151 = -5*v, -x + 2*v + 12 = -16. Calculate the remainder when x is divided by 4.
2
Let r be (-12)/(-9)*(-3)/(-2). What is the remainder when 46 is divided by (-1 + r)*(4 - -8)?
10
Let m = 1 + 9. Let p be (6/5)/((-3)/m). What is the remainder when 44 is divided by p/(-14) - (-318)/14?
21
Let c(o) = -2*o**2 - 2*o. Let n be (0 + -2)/((-2)/(-4)). Let w be c(n). Let v = w - -47. What is the remainder when v is divided by 13?
10
Suppose -5*i - 3 + 13 = 0. Let c be (-1)/((-2)/2) + i. Suppose -26 = -5*k + 2*d + 39, -c*k = -3*d - 48. Calculate the remainder when 21 is divided by k.
10
Let v(m) = -m**3 - 6*m**2 - 4*m + 7. Let k be v(-5). Suppose 7 = u + k*n, 0 = -3*u + n + 17 + 4. Calculate the remainder when u is divided by 5.
2
Suppose -2*d + 3*d - 157 = -2*z, 3*z - 235 = -d. Let l = z + -41. What is the remainder when l is divided by 8?
5
Let m(d) = -d**2 + 11*d - 8. Let k be m(10). Let g(n) = 27*n - 1. What is the remainder when g(k) is divided by 18?
17
Suppose -4*c - 3*a = -24, -2*c + 0*a - 4*a + 12 = 0. What is the remainder when 23 is divided by c?
5
Let c(w) = -2*w. Suppose j = 3*m + 31, -j + 6 = 3*m - m. What is the remainder when j is divided by c(-3)?
4
Let w(k) = 3*k - 1. Let u = 12 + -7. Suppose 0 = 5*f - u*n - 165, 0*f + 4*f - n = 126. What is the remainder when f is divided by w(4)?
9
Suppose 2*j + 0*j - 44 = 0. Suppose 2*l - 5 - 1 = 0. Suppose o + 5*v = -0*v - 7, 33 = 3*o - l*v. What is the remainder when j is divided by o?
6
Let z = 131 + -91. Suppose -6*t = -2*t - z. What is the remainder when 38 is divided by t?
8
Suppose -6 = -5*f + 4. Suppose o - f*o = -1. Let n(d) = 8*d**3 + 2*d**2 - d. Calculate the remainder when 25 is divided by n(o).
7
Let d(k) = 3*k - 12. Calculate the remainder when (-167)/(-5) + 12/20 is divided by d(8).
10
Let t be ((-4)/(-10))/((-2)/20). Let s be 1/(-3) - (-48)/9. Let z = s + t. Calculate the remainder when 2 is divided by z.
0
Let v(b) = 3*b - 7. Let r(i) = -9*i + 21. Let g(j) = -6*r(j) - 17*v(j). Calculate the remainder when 22 is divided by g(5).
6
Let p = -1 - 2. Suppose -4 + 0 = -4*d. What is the remainder when d/((-1)/6*p) is divided by 1?
0
Let b(p) be the first derivative of -p**2 - 3*p + 1. Let k be b(-5). Suppose -k*u + 64 = -3*u. What is the remainder when u is divided by 6?
4
Suppose 5*u - 588 = u. Calculate the remainder when u is divided by 38.
33
Suppose 0 = -5*f + 3*a + 301, -a - 121 = 2*f - 4*f. Let k = 104 - f. What is the remainder when k is divided by 15?
12
Let c = -35 - 3. What is the remainder when 38 is divided by c/(-3) + (-7)/(-21)?
12
Suppose 4*x + 4*r = 32, 4*r + 2 = 2*r. Let l = -29 - -63. What is the remainder when l is divided by x?
7
Suppose 0*l = 4*l + 3*b - 49, 5*l - 53 = -b. Calculate the remainder when 49 is divided by l.
9
Let j(o) = -o**3 + 5*o**2 - 2*o - 3. Let c(x) be the first derivative of -2*x**2 - 3*x - 2. Calculate the remainder when c(-4) is divided by j(4).
3
Let u be (5 + -4)/(1 + 0). Calculate the remainder when (-2 + u)*(2 + -16) is divided by 5.
4
Let q(m) = -6*m - 7. Let g be (-4 - (-12 - -3))/(-1). What is the remainder when 89 is divided by q(g)?
20
Calculate the remainder when 51 is divided by (117/(-54))/((-2)/12).
12
Suppose 3*y = 3*z - 72, 0 = -4*z + 2*y - 37 + 131. What is the remainder when z is divided by 3?
2
Suppose 2*x + 5*s = 6*s + 8, 3*x + 5*s = -14. Let i(m) = -8*m + 1. Let c be i(-4). Suppose -x*n + c = n. Calculate the remainder when 31 is divided by n.
9
Let y = 5 - 3. Suppose y*x - 37 = 57. What is the remainder when x is divided by 16?
15
Suppose h - 6*h = -25. What is the remainder when (-6 + h)/(1/(-29)) is divided by 15?
14
Let q(f) = 3*f + 59. What is the remainder when q(0) is divided by 15?
14
Let u(m) = m - 1. Let v(h) = 11. Let w(d) = 11*u(d) + v(d). Let c = 2 + 10. What is the remainder when w(2) is divided by c?
10
Let x be 2/(-8) - (-2655)/(-20). Let a = -94 - x. What is the remainder when a is divided by 10?
9
Let h = -39 - -56. Calculate the remainder when 23 is divided by h.
6
Suppose 3*r + n = 251, 0*r = -5*r + 4*n + 407. What is the remainder when r is divided by 21?
20
Let i = 50 - 9. Calculate the remainder when i is divided by 11.
8
Let t = 23 + -5. Let z = t - -18. Calculate the remainder when z is divided by 13.
10
Suppose -5*d = -2*g - 2*g - 290, 3*d = -4*g + 142. Let i be 2 + 4*(-1)/(-2). Suppose i*t + d = 158. Calculate the remainder when t is divided by 9.
8
Suppose -2*z - 60 = -3*z. What is the remainder when z is divided by 21?
18
Let n be 21/28*(-2 + 114). Suppose n = -4*x + 568. What is the remainder when x is divided by 31?
28
Let w be (9 - -7) + 2/2. Suppose -2*z + 0*z - y + 41 = 0, -z + w = 4*y. Calculate the remainder when 60 is divided by z.
18
Let k be (-12)/(-7) + (-8)/(-28). Let h be (1*-3 - -2) + k. Calculate the remainder when 1 + (2 - h) + 0 is divided by 1.
0
Let q be 1*(-2 - (-5 + 1)). Suppose 0 = q*m - 3*m + 6. Suppose 3*r - o - 20 - 31 = 0, -5*r - 3*o + 85 = 0. What is the remainder when r is divided by m?
5
Suppose 11 = -3*c - 2*n + 86, -n = 0. Suppose -15 - 24 = -3*m. What is the remainder when c is divided by m?
12
Let b = 45 + -20. Suppose -3*o = 2*o - b. What is the remainder when o is divided by 2?
1
Suppose m + 4*g = 23, 0 = -2*m - 2*g - g + 36. What is the remainder when 103 is divided by m?
13
Suppose a - 4*a + 180 = 0. Calculate the remainder when a is divided by 21.
18
Let j(g) = 4*g**2 - 23*g - 15. Let r(h) = 2*h**2 - 11*h - 7. Let d(p) = -6*j(p) + 13*r(p). Calculate the remainder when d(6) is divided by 14.
13
What is the remainder when -10*(-3 - -1) + 2 is divided by 8?
6
Suppose -c + 61 = 3*c + 5*o, 2*c - 33 = -3*o. Calculate the remainder when (0 + -3)/(1/(-11)) is divided by c.
6
Let d = -89 - -97. What is the remainder when 46 is divided by d?
6
Let q = 3 - -1. Suppose q*l - 19 - 69 = 0. Suppose 0 = -h + 3*h - 84. Calculate the remainder when h is divided by l.
20
Suppose 0 = -3*q - 2 - 10, -4*g + 84 = -q. Let u = 28 - g. Calculate the remainder when 39 is divided by u.
7
Let f = 50 + -73. Let r = 33 + f. Let s = 20 + -2. Calculate the remainder when s is divided by r.
8
Suppose h - 34 + 137 = 2*j, h = 5*j - 253. What is the remainder when j is divided by 13?
11
Let c = -45 - -65. Suppose 128 = 5*k - 3*k. Suppose -c = u - k. What is the remainder when u is divided by 15?
14
Let g(z) = 2*z**3 + z**2 + 2*z - 3. Calculate the remainder when g(2) is divided by 6.
3
Let z be (-22)/(-55) + 84/(-10). Let w = z + 19. Calculate the remain